5808
In base 2, what is -1001000000011 + 1010110010110?
1110010011
In base 4, what is -11 + -1202210212320?
-1202210212331
In base 3, what is -101111120 + -1202011?
-110020201
In base 4, what is -323320203 + 2?
-323320201
In base 16, what is 77 - -1b57?
1bce
In base 8, what is 15 + 5267126?
5267143
In base 5, what is 244132131 + -2?
244132124
In base 14, what is -4 + 98d3d81?
98d3d7b
In base 9, what is -47652445 + -1?
-47652446
In base 13, what is 8 - -451236a?
4512375
In base 16, what is 3 + 279ff?
27a02
In base 3, what is -11 + 102210021021?
102210021010
In base 2, what is 100010011 - 11101101110100111?
-11101101010010100
In base 12, what is -80b64 - 4a?
-80bb2
In base 13, what is 315814 + 3?
315817
In base 4, what is 113200 - -233312131?
300031331
In base 5, what is -333322 + -23133?
-412010
In base 11, what is 160453 - 64?
16039a
In base 13, what is 6b7 + -452ab?
-448c4
In base 12, what is -96808 - -178a?
-9503a
In base 8, what is -163 + 4552004?
4551621
In base 9, what is 86162 - -2010?
88172
In base 2, what is 1001101110101001101001001 + -10?
1001101110101001101000111
In base 11, what is -40 - 3003414?
-3003454
In base 16, what is -3 - -2ac352?
2ac34f
In base 14, what is 123d7 + -2b?
123aa
In base 16, what is -1f674c4 - 0?
-1f674c4
In base 8, what is -42 - 347455?
-347517
In base 16, what is -6db + -57ac?
-5e87
In base 9, what is 1026 + 24888?
26025
In base 2, what is 1100011010010 - -11101111110111100?
11111100010001110
In base 8, what is 16413 - -17414?
36027
In base 11, what is 1 + -63323a2?
-63323a1
In base 13, what is 2 + 32bc9c5?
32bc9c7
In base 12, what is 876 - 218?
65a
In base 16, what is -2ce + 77f?
4b1
In base 12, what is 299a3 + 2022?
2ba05
In base 14, what is ad90d + -2?
ad90b
In base 8, what is -52152 + -11750?
-64122
In base 11, what is -569 - 24385?
-24943
In base 8, what is -4275 + -15106?
-21403
In base 15, what is 4bd3 + ac?
4c90
In base 5, what is 34042 + -3021?
31021
In base 5, what is -114 - 1324031011?
-1324031130
In base 3, what is 1000 - -222112221202021?
222112221210021
In base 3, what is 100020 + -200001210?
-122201120
In base 9, what is -2 - -106078050?
106078047
In base 13, what is cc28 + 257?
10182
In base 7, what is -3 + -206236453?
-206236456
In base 16, what is -7442e24 + -9?
-7442e2d
In base 11, what is 57a50096 + 5?
57a500a0
In base 16, what is -4a43 + -565?
-4fa8
In base 8, what is 776032 - 11?
776021
In base 3, what is -2 - -1201212110002001?
1201212110001222
In base 2, what is 111011010101011000011110011101 - 101?
111011010101011000011110011000
In base 9, what is -1 - 1404283?
-1404284
In base 8, what is 1 - -373504211?
373504212
In base 14, what is -3a - -7443?
7407
In base 5, what is 13312 - -124201?
143013
In base 5, what is -4140 + 1043430342?
1043421202
In base 4, what is -10031330330 + -2?
-10031330332
In base 6, what is 133150352 - 44?
133150304
In base 12, what is 1251 - 64513?
-63282
In base 4, what is -1220012 + -3001002?
-10221020
In base 2, what is -10010100000101010010100 - -1?
-10010100000101010010011
In base 3, what is -10010012000021 + -1220?
-10010012002011
In base 2, what is -11111011110101001011000 - 10011000?
-11111011110101011110000
In base 12, what is 148964 + 11?
148975
In base 4, what is -1010212 - -1103?
-1003103
In base 7, what is 2214263306 + 2?
2214263311
In base 3, what is 222 - -200200111211110?
200200111212102
In base 6, what is 410345245 - 22?
410345223
In base 13, what is -835cc21 + -1?
-835cc22
In base 12, what is -2919 + -1b01?
-481a
In base 14, what is 94b0 - -91?
9561
In base 3, what is 101020021200101 - 12102?
101020021110222
In base 4, what is -132 - 1312211100?
-1312211232
In base 12, what is -5b - -581894?
581835
In base 2, what is 1011111 + 1001111010011100?
1001111011111011
In base 13, what is 17280 + 496?
17746
In base 3, what is -2221020220 + -12212110?
-10011010100
In base 7, what is 4512420240 - -4?
4512420244
In base 14, what is 139a07a + -9?
139a071
In base 3, what is -1002010 - 21222110210?
-22000112220
In base 16, what is 24 - ac10?
-abec
In base 2, what is -1100010100011000101100 - 11?
-1100010100011000101111
In base 3, what is 100111100 + 1200?
100120000
In base 9, what is 888463 + -6?
888456
In base 5, what is -1121331 + -3301?
-1130132
In base 5, what is -23020 + -11023?
-34043
In base 12, what is -4 + 3023729?
3023725
In base 6, what is 3 - -1113211354?
1113211401
In base 16, what is 201f18 - -4c?
201f64
In base 15, what is -4b78575 - 4?
-4b78579
In base 12, what is 224 - ba22a?
-ba006
In base 9, what is 313 + 278342?
278655
In base 12, what is 61 + 6637?
6698
In base 5, what is -11122221 - 4004?
-11131230
In base 8, what is -11560624 - 26?
-11560652
In base 11, what is -96943 + -193?
-97026
In base 3, what is 1000021 - 11011101?
-10011010
In base 16, what is fa + -bb4f?
-ba55
In base 8, what is 120 - 226246?
-226126
In base 10, what is 16 + -384364?
-384348
In base 14, what is 6a29a1 - 1?
6a29a0
In base 4, what is 133 - 1323230?
-1323031
In base 5, what is 20020323122 - -3?
20020323130
In base 4, what is 2100000200 - 2220?
2033331320
In base 11, what is 27709a5 - a2?
2770903
In base 14, what is 38 - -187779?
1877b3
In base 5, what is -311341334 + 2304?
-311334030
In base 12, what is -5aa34 + 103b?
-599b5
In base 11, what is -2 - -99692?
99690
In base 16, what is -9ea2de + -34?
-9ea312
In base 7, what is -65523036 - -14?
-65523022
In base 11, what is -7 + -2395950?
-2395957
In base 9, what is 5834242 + -15?
5834226
In base 11, what is 22 - 12355?
-12333
In base 13, what is -3592 + -4431?
-79c3
In base 8, what is -151 + -7310720?
-7311071
In base 9, what is 7578 - 18002?
-10313
In base 15, what is 4 + 5589d24?
5589d28
In base 14, what is 48a0 - -376?
4c36
In base 3, what is -22120101 + -10121?
-22200222
In base 7, what is -1114 - 2401426?
-2402543
In base 9, what is 134184528 + -2?
134184526
In base 6, what is -120502332 + 3?
-120502325
In base 7, what is -1460214 + -1105?
-1461322
In base 12, what is 13595aba + 0?
13595aba
In base 8, what is -14122421 + -46?
-14122467
In base 11, what is 9677 + a93?
a65a
In base 6, what is 0 + -31025201221?
-31025201221
In base 2, what is -111011101011000001010000 + -1000001?
-111011101011000010010001
In base 8, what is 56437732 - 3?
56437727
In base 14, what is -2a + 1d9164?
1d9138
In base 12, what is -5 - -12a53b7b?
12a53b76
In base 2, what is 11 + -10101111010010101011101100000?
-10101111010010101011101011101
In base 11, what is 26 - 365310?
-365295
In base 6, what is 3002153 + 141?
3002334
In base 2, what is 1001000011 - 10000000111100100?
-1111111110100001
In base 4, what is -113 + -202131131?
-202131310
In base 13, what is a115099 - 12?
a115087
In base 16, what is 6c90b - 1f3?
6c718
In base 11, what is 63a - 626003?
-625474
In base 13, what is -982 - 5333?
-5cb5
In base 8, what is 305 - -3161?
3466
In base 13, what is 14 - 15149?
-15135
In base 6, what is 1 + -15220210?
-15220205
In base 14, what is 7157 - -1022?
8179
In base 11, what is 1 - a8119959?
-a8119958
In base 7, what is -16 - 140464641?
-140464660
In base 5, what is 10 + 214233120033?
214233120043
In base 7, what is -405521 - 131?
-405652
In base 9, what is 47437 + -14?
47423
In base 8, what is -4 + 105640410?
105640404
In base 5, what is 114132022 - -3114?
114140141
In base 16, what is -81cb - 71c?
-88e7
In base 4, what is 1111003111 - 130?
1111002321
In base 6, what is -243 - 330304?
-330551
In base 2, what is 10000000111111 - 11000100?
1111101111011
In base 4, what is -3212003 + 10121021?
303012
In base 6, what is -2152 - -433434?
431242
In base 10, what is 193962 + -65?
193897
In base 9, what is 2 + -10232082?
-10232080
In base 5, what is 4 - 21234430322?
-21234430313
In base 5, what is 0 - 13410422331?
-13410422331
In base 10, what is 137 - 221236?
-221099
In base 12, what is -358 + 105b6b?
105813
In base 4, what is -223330300301 - 10?
-223330300311
In base 8, what is 163031 + -53?
162756
In base 6, what is -44 + -2342511?
-2342555
In base 15, what is -3 - 1541d6?
-1541d9
In base 9, what is 35 + -137242?
-137206
In base 5, what is -212030 - 12?
-212042
In base 4, what is 1202210123 + -202?
1202203321
In base 6, what is 3 + -54102323?
-54102320
In base 4, what is 110203033 - -333331?
111203030
In base 2, what is -100111110010110000 + -10